{"id":201,"date":"2019-10-17T03:12:52","date_gmt":"2019-10-17T01:12:52","guid":{"rendered":"http:\/\/www.burmett-gr.com\/?page_id=201"},"modified":"2021-04-05T17:56:46","modified_gmt":"2021-04-05T15:56:46","slug":"aluminium-pergolas","status":"publish","type":"page","link":"https:\/\/www.burmett-gr.com\/index.php\/aluminium-pergolas\/","title":{"rendered":"aluminium-pergolas"},"content":{"rendered":"\t\t<div data-elementor-type=\"wp-page\" data-elementor-id=\"201\" class=\"elementor elementor-201\">\n\t\t\t\t\t\t\t\t\t<section class=\"elementor-section elementor-top-section elementor-element elementor-element-1ae4290 elementor-section-boxed elementor-section-height-default elementor-section-height-default\" data-id=\"1ae4290\" data-element_type=\"section\">\n\t\t\t\t\t\t<div class=\"elementor-container elementor-column-gap-default\">\n\t\t\t\t\t<div class=\"elementor-column elementor-col-100 elementor-top-column elementor-element elementor-element-659ee66\" data-id=\"659ee66\" data-element_type=\"column\">\n\t\t\t<div class=\"elementor-widget-wrap elementor-element-populated\">\n\t\t\t\t\t\t\t\t<div class=\"elementor-element elementor-element-cc632f9 elementor-widget elementor-widget-text-editor\" data-id=\"cc632f9\" data-element_type=\"widget\" data-widget_type=\"text-editor.default\">\n\t\t\t\t<div class=\"elementor-widget-container\">\n\t\t\t\t\t\t\t<h1 class=\"h\" style=\"text-align: center;\"><span style=\"color: #000000;\">Pergola Bioclimatique Aluminium <span class=\"title2\">7300 <br \/><\/span><\/span><\/h1><p><img loading=\"lazy\" decoding=\"async\" class=\"alignleft\" src=\"https:\/\/www.sepalumic.com\/sites\/default\/files\/styles\/produit_header\/public\/produits\/pergola_haddioui_0.jpg?itok=mQtzs60r\" alt=\"Pergola\" width=\"364\" height=\"189\" \/><\/p><div class=\"row entete\"><div class=\"col-xs-12 col-sm-12 col-md-6 col-lg-6 group-col2 field-group-bootstrap_grid_col no-margin\"><div class=\"view view-produit-slider-top view-id-produit_slider_top view-display-id-block view-dom-id-76f2c75d57a222c88ac408fb0587298b\"><div class=\"view-content\"><div class=\"slider-produit\"><div id=\"owl-produit\" class=\"owl-carousel owl-theme\"><div class=\"owl-wrapper-outer\"><div class=\"owl-wrapper\"><div class=\"owl-item\"><div class=\"views-row views-row-1 views-row-odd views-row-first views-row-last\"><div class=\"item itemgamme\"><div class=\"slider-top-produit\"><div class=\"field-content\">\u00a0<\/div><\/div><\/div><\/div><\/div><\/div><\/div><\/div><\/div><\/div><\/div><\/div><div class=\"col-xs-12 col-sm-12 col-md-6 col-lg-6 slider-produit\"><div class=\"text-header\"><h1><span style=\"color: #a48838;\">Laissez entrer le soleil, ou pas&#8230;<\/span><\/h1><p><strong>PRENEZ LE CONTR\u00d4LE<\/strong><br \/>Pour faire de votre jardin un espace o\u00f9 il fait bon vivre, cette nouvelle pergola bioclimatique g\u00e8re l\u2019ensoleillement, la ventilation de l\u2019air et la chaleur tout en prot\u00e9geant de la pluie et de l\u2019humidit\u00e9. \u00c9quip\u00e9e de lames orientables motoris\u00e9es et pilot\u00e9es par t\u00e9l\u00e9commande, vous gardez ainsi toujours la fraicheur et l\u2019ombre d\u00e9sir\u00e9e. Les temp\u00e9ratures se rafraichissent, les lames s\u2019ouvrent automatiquement, vous souhaitez davantage d&rsquo;ombre\u2026 silencieuses, les lames se referment !<br \/>La pergola bioclimatique est un produit id\u00e9al pour vos journ\u00e9es ensoleill\u00e9es entre amis ou en famille.<\/p><p><strong>HABILLEZ VOTRE JARDIN AVEC STYLE<\/strong><br \/>Adoss\u00e9e \u00e0 votre maison ou install\u00e9e dans votre jardin, la pergola bioclimatique s\u2019invite comme une nouvelle pi\u00e8ce \u00e0 vivre. Con\u00e7ue sur-mesure, avec son esth\u00e9tique r\u00e9solument moderne, elle s\u2019int\u00e8gre parfaitement \u00e0 tous types d\u2019architectures. Un syst\u00e8me haut de gamme sans m\u00e9canisme apparent apporte sobri\u00e9t\u00e9 et \u00e9l\u00e9gance \u00e0 votre pergola.<\/p><\/div><\/div><\/div>\t\t\t\t\t\t<\/div>\n\t\t\t\t<\/div>\n\t\t\t\t\t<\/div>\n\t\t<\/div>\n\t\t\t\t\t\t\t<\/div>\n\t\t<\/section>\n\t\t\t\t<section class=\"elementor-section elementor-top-section elementor-element elementor-element-4c371c6 elementor-section-boxed elementor-section-height-default elementor-section-height-default\" data-id=\"4c371c6\" data-element_type=\"section\">\n\t\t\t\t\t\t<div class=\"elementor-container elementor-column-gap-default\">\n\t\t\t\t\t<div class=\"elementor-column elementor-col-100 elementor-top-column elementor-element elementor-element-213457f\" data-id=\"213457f\" data-element_type=\"column\">\n\t\t\t<div class=\"elementor-widget-wrap elementor-element-populated\">\n\t\t\t\t\t\t\t\t<div class=\"elementor-element elementor-element-21d0fc4 elementor-widget elementor-widget-text-editor\" data-id=\"21d0fc4\" data-element_type=\"widget\" data-widget_type=\"text-editor.default\">\n\t\t\t\t<div class=\"elementor-widget-container\">\n\t\t\t\t\t\t\t<p>\u00a0<\/p><p>\u00a0<\/p><p>\u00a0<\/p>\t\t\t\t\t\t<\/div>\n\t\t\t\t<\/div>\n\t\t\t\t\t<\/div>\n\t\t<\/div>\n\t\t\t\t\t\t\t<\/div>\n\t\t<\/section>\n\t\t\t\t<section class=\"elementor-section elementor-top-section elementor-element elementor-element-a4595d0 elementor-section-boxed elementor-section-height-default elementor-section-height-default\" data-id=\"a4595d0\" data-element_type=\"section\">\n\t\t\t\t\t\t<div class=\"elementor-container elementor-column-gap-default\">\n\t\t\t\t\t<div class=\"elementor-column elementor-col-100 elementor-top-column elementor-element elementor-element-9e42cb3\" data-id=\"9e42cb3\" data-element_type=\"column\">\n\t\t\t<div class=\"elementor-widget-wrap elementor-element-populated\">\n\t\t\t\t\t\t\t\t<div class=\"elementor-element elementor-element-72961f1 elementor-widget elementor-widget-text-editor\" data-id=\"72961f1\" data-element_type=\"widget\" data-widget_type=\"text-editor.default\">\n\t\t\t\t<div class=\"elementor-widget-container\">\n\t\t\t\t\t\t\t<div class=\"col-sm-6 img-col \"><img loading=\"lazy\" decoding=\"async\" class=\"alignnone\" title=\"Pergola_aluminium_bioclimatique_sepalumic_habitat_extension\" src=\"https:\/\/www.sepalumic.com\/sites\/default\/files\/styles\/image_documentation\/public\/produits\/sky_bar.jpg?itok=0tFRRcFz\" alt=\"Pergola_aluminium_bioclimatique_habitat_extension\" width=\"640\" height=\"400\" \/><\/div><div id=\"produit-s1\" class=\"row\"><div class=\"txt-col col-sm-6 \"><div class=\"centered-transform\"><h2>Les + Produits<\/h2><ul><li>Dimensions maxi par module : 4500 mm * 6500 mm<\/li><li>Hauteur jusqu\u2019\u00e0 3000 mm<\/li><li>Lames en profils aluminium tubulaires donnant un aspect de plafond plat<\/li><li>Motorisation, vis et descente d\u2019eau cach\u00e9e &#8211; Syst\u00e8me invisible<\/li><li>Contr\u00f4le de l\u2019ensoleillement avec une orientation des lames jusqu\u2019\u00e0 135\u00b0<\/li><li>Etanch\u00e9it\u00e9 parfaite<\/li><li>Personnalisable \u00e0 la couleur de votre choix (Hors lames)<\/li><\/ul><\/div><\/div><\/div>\t\t\t\t\t\t<\/div>\n\t\t\t\t<\/div>\n\t\t\t\t\t<\/div>\n\t\t<\/div>\n\t\t\t\t\t\t\t<\/div>\n\t\t<\/section>\n\t\t\t\t<section class=\"elementor-section elementor-top-section elementor-element elementor-element-a5fce33 elementor-section-boxed elementor-section-height-default elementor-section-height-default\" data-id=\"a5fce33\" data-element_type=\"section\">\n\t\t\t\t\t\t<div class=\"elementor-container elementor-column-gap-default\">\n\t\t\t\t\t<div class=\"elementor-column elementor-col-100 elementor-top-column elementor-element elementor-element-471a7bd\" data-id=\"471a7bd\" data-element_type=\"column\">\n\t\t\t<div class=\"elementor-widget-wrap elementor-element-populated\">\n\t\t\t\t\t\t\t\t<div class=\"elementor-element elementor-element-f82dab5 elementor-widget elementor-widget-text-editor\" data-id=\"f82dab5\" data-element_type=\"widget\" data-widget_type=\"text-editor.default\">\n\t\t\t\t<div class=\"elementor-widget-container\">\n\t\t\t\t\t\t\t<p>\u00a0<\/p><p>\u00a0<\/p><div id=\"produit-s2\" class=\"row\"><div class=\"col-sm-6 txt-col \"><div class=\"centered-transform\"><h2>Vos B\u00e9n\u00e9fices<\/h2><ul><li>Esth\u00e9tique \u00e9pur\u00e9e<\/li><li>Simplicit\u00e9 de fabrication et de pose gr\u00e2ce \u00e0 seulement 7 profils<\/li><li>Capteurs int\u00e9gr\u00e9s en standard :<br \/>&#8211; Capteur de vent pour ouvrir les lames en cas de temp\u00eate<br \/>&#8211; Capteur de pluie pour fermer les lames d\u00e8s que la pluie tombe<br \/>&#8211; Capteur de temp\u00e9rature pour r\u00e9guler la chaleur<\/li><li>Nombreuses options disponibles :<br \/>&#8211; Chauffage \u00e9lectrique<br \/>&#8211; Centrale de commande pour contr\u00f4ler l\u2019orientation des lames<br \/>&#8211; Eclairages \u00e0 LED<br \/>&#8211; Audio via bluetooth<br \/>&#8211; Store Screen<\/li><li>\u00a0<\/li><\/ul><\/div><\/div><div class=\"col-sm-6 img-col\"><img loading=\"lazy\" decoding=\"async\" title=\"Pergola_aluminium_bioclimatique_sepalumic_habitat_extension\" src=\"https:\/\/www.sepalumic.com\/sites\/default\/files\/styles\/images_sections_produits\/public\/produits\/photo_particulier_pergola_web_2.jpg?itok=TApOpXeM\" alt=\"Pergola_aluminium_bioclimatique_sepalumic_habitat_extension\" width=\"263\" height=\"350\" \/><\/div><\/div>\t\t\t\t\t\t<\/div>\n\t\t\t\t<\/div>\n\t\t\t\t\t<\/div>\n\t\t<\/div>\n\t\t\t\t\t\t\t<\/div>\n\t\t<\/section>\n\t\t\t\t<section class=\"elementor-section elementor-top-section elementor-element elementor-element-0d9b440 elementor-section-boxed elementor-section-height-default elementor-section-height-default\" data-id=\"0d9b440\" data-element_type=\"section\">\n\t\t\t\t\t\t<div class=\"elementor-container elementor-column-gap-default\">\n\t\t\t\t\t<div class=\"elementor-column elementor-col-100 elementor-top-column elementor-element elementor-element-e62030d\" data-id=\"e62030d\" data-element_type=\"column\">\n\t\t\t<div class=\"elementor-widget-wrap elementor-element-populated\">\n\t\t\t\t\t\t\t\t<div class=\"elementor-element elementor-element-d9d06ae elementor-widget elementor-widget-text-editor\" data-id=\"d9d06ae\" data-element_type=\"widget\" data-widget_type=\"text-editor.default\">\n\t\t\t\t<div class=\"elementor-widget-container\">\n\t\t\t\t\t\t\t<h1 style=\"text-align: center;\">Configurations possibles<\/h1><p>\u00a0<\/p>\t\t\t\t\t\t<\/div>\n\t\t\t\t<\/div>\n\t\t\t\t\t<\/div>\n\t\t<\/div>\n\t\t\t\t\t\t\t<\/div>\n\t\t<\/section>\n\t\t\t\t<section class=\"elementor-section elementor-top-section elementor-element elementor-element-8a38afe elementor-section-boxed elementor-section-height-default elementor-section-height-default\" data-id=\"8a38afe\" data-element_type=\"section\">\n\t\t\t\t\t\t<div class=\"elementor-container elementor-column-gap-default\">\n\t\t\t\t\t<div class=\"elementor-column elementor-col-100 elementor-top-column elementor-element elementor-element-ae5f647\" data-id=\"ae5f647\" data-element_type=\"column\">\n\t\t\t<div class=\"elementor-widget-wrap elementor-element-populated\">\n\t\t\t\t\t\t\t\t<div class=\"elementor-element elementor-element-0a2874b elementor-widget elementor-widget-text-editor\" data-id=\"0a2874b\" data-element_type=\"widget\" data-widget_type=\"text-editor.default\">\n\t\t\t\t<div class=\"elementor-widget-container\">\n\t\t\t\t\t\t\t<p>\u00a0<\/p><div class=\"col-sm-12 \"><img loading=\"lazy\" decoding=\"async\" title=\"Pergola_aluminium_bioclimatique_sepalumic_habitat_extension\" src=\"https:\/\/www.sepalumic.com\/sites\/default\/files\/produits\/type_de_pose_pergola_web_1.jpg\" alt=\"Pergola_aluminium_bioclimatique_sepalumic_habitat_extension\" width=\"4458\" height=\"2500\" \/><\/div>\t\t\t\t\t\t<\/div>\n\t\t\t\t<\/div>\n\t\t\t\t\t<\/div>\n\t\t<\/div>\n\t\t\t\t\t\t\t<\/div>\n\t\t<\/section>\n\t\t\t\t<section class=\"elementor-section elementor-top-section elementor-element elementor-element-18dd359 elementor-section-boxed elementor-section-height-default elementor-section-height-default\" data-id=\"18dd359\" data-element_type=\"section\">\n\t\t\t\t\t\t<div class=\"elementor-container elementor-column-gap-default\">\n\t\t\t\t\t<div class=\"elementor-column elementor-col-100 elementor-top-column elementor-element elementor-element-8476452\" data-id=\"8476452\" data-element_type=\"column\">\n\t\t\t<div class=\"elementor-widget-wrap elementor-element-populated\">\n\t\t\t\t\t\t\t\t<div class=\"elementor-element elementor-element-3dbd8d1 elementor-widget elementor-widget-text-editor\" data-id=\"3dbd8d1\" data-element_type=\"widget\" data-widget_type=\"text-editor.default\">\n\t\t\t\t<div class=\"elementor-widget-container\">\n\t\t\t\t\t\t\t<p>\u00a0<\/p><h1 style=\"text-align: center;\">Performances &amp; infos techniques<\/h1><p>\u00a0<\/p>\t\t\t\t\t\t<\/div>\n\t\t\t\t<\/div>\n\t\t\t\t\t<\/div>\n\t\t<\/div>\n\t\t\t\t\t\t\t<\/div>\n\t\t<\/section>\n\t\t\t\t<section class=\"elementor-section elementor-top-section elementor-element elementor-element-0e1c335 elementor-section-boxed elementor-section-height-default elementor-section-height-default\" data-id=\"0e1c335\" data-element_type=\"section\">\n\t\t\t\t\t\t<div class=\"elementor-container elementor-column-gap-default\">\n\t\t\t\t\t<div class=\"elementor-column elementor-col-100 elementor-top-column elementor-element elementor-element-c118e6f\" data-id=\"c118e6f\" data-element_type=\"column\">\n\t\t\t<div class=\"elementor-widget-wrap elementor-element-populated\">\n\t\t\t\t\t\t\t\t<div class=\"elementor-element elementor-element-0e6a6ba elementor-widget elementor-widget-text-editor\" data-id=\"0e6a6ba\" data-element_type=\"widget\" data-widget_type=\"text-editor.default\">\n\t\t\t\t<div class=\"elementor-widget-container\">\n\t\t\t\t\t\t\t<div class=\"col-sm-12 \"><div class=\"row group-row2 field-group-bootstrap_grid_row\"><div class=\"col-md-6 col-lg-6 group-col4 field-group-bootstrap_grid_col\"><div class=\"img-doc\"><img loading=\"lazy\" decoding=\"async\" class=\"alignnone size-full wp-image-2433\" src=\"https:\/\/www.burmett-gr.com\/wp-content\/uploads\/2021\/04\/Screenshot_2021-04-05-Pergola-Bioclimatique-Aluminium1.png\" alt=\"\" width=\"658\" height=\"437\" srcset=\"https:\/\/www.burmett-gr.com\/wp-content\/uploads\/2021\/04\/Screenshot_2021-04-05-Pergola-Bioclimatique-Aluminium1.png 658w, https:\/\/www.burmett-gr.com\/wp-content\/uploads\/2021\/04\/Screenshot_2021-04-05-Pergola-Bioclimatique-Aluminium1-300x199.png 300w, https:\/\/www.burmett-gr.com\/wp-content\/uploads\/2021\/04\/Screenshot_2021-04-05-Pergola-Bioclimatique-Aluminium1-370x246.png 370w\" sizes=\"auto, (max-width: 658px) 100vw, 658px\" \/><\/div><\/div><div class=\"col-md-6 col-lg-6 group-col3 field-group-bootstrap_grid_col\"><div class=\"info-technique\"><div class=\"field-collection-container clearfix\"><div class=\"info\"><div class=\"field-collection-view clearfix view-mode-full field-collection-view-final\"><div class=\"ds-1col entity entity-field-collection-item field-collection-item-field-informations-techniques collection-left view-mode-full clearfix\"><div class=\"ds-1col taxonomy-term vocabulary-infos-techniques view-mode-icone_produit clearfix\"><div class=\"icone\"><span style=\"color: #000000;\"><img loading=\"lazy\" decoding=\"async\" src=\"https:\/\/www.sepalumic.com\/sites\/default\/files\/Iconographie\/dimensions.png\" alt=\"\" width=\"21\" height=\"21\" \/><\/span><\/div><div class=\"title\"><span style=\"color: #000000;\">Dim. max\/vtl<\/span><\/div><\/div><p><span style=\"color: #000000;\">l4500 mm \/ L6500 mm \/ H3000 mm<\/span><\/p><\/div><\/div><\/div><\/div><\/div><div class=\"group-performances field-group-div\"><div class=\"field-collection-container clearfix\"><div class=\"info col-xs-6\"><div class=\"field-collection-view clearfix view-mode-full field-collection-view-final\"><div class=\"ds-1col entity entity-field-collection-item field-collection-item-field-performances collection-right view-mode-full clearfix\"><div class=\"icone\"><span style=\"color: #000000;\"><img loading=\"lazy\" decoding=\"async\" src=\"https:\/\/www.sepalumic.com\/sites\/default\/files\/Iconographie\/picto24.png\" alt=\"\" width=\"61\" height=\"61\" \/><\/span><\/div><div class=\"title\"><span style=\"color: #000000;\">Transmission lumineuse<\/span><\/div><div class=\"valeur\"><p><span style=\"color: #000000;\">Lames orientables \u00e0 135\u00b0<\/span><\/p><\/div><\/div><\/div><\/div><\/div><\/div><\/div><\/div><\/div>\t\t\t\t\t\t<\/div>\n\t\t\t\t<\/div>\n\t\t\t\t\t<\/div>\n\t\t<\/div>\n\t\t\t\t\t\t\t<\/div>\n\t\t<\/section>\n\t\t\t\t\t\t\t<\/div>\n\t\t","protected":false},"excerpt":{"rendered":"<p>Pergola Bioclimatique Aluminium 7300 \u00a0 Laissez entrer le soleil, ou pas&#8230; PRENEZ LE CONTR\u00d4LEPour faire de votre jardin un espace o\u00f9 il fait bon vivre, cette nouvelle pergola bioclimatique g\u00e8re l\u2019ensoleillement, la ventilation de l\u2019air[&#8230;]<\/p>\n","protected":false},"author":1,"featured_media":0,"parent":0,"menu_order":0,"comment_status":"closed","ping_status":"closed","template":"","meta":{"footnotes":""},"class_list":["post-201","page","type-page","status-publish","hentry"],"yoast_head":"<!-- This site is optimized with the Yoast SEO plugin v24.9 - https:\/\/yoast.com\/wordpress\/plugins\/seo\/ -->\n<title>aluminium-pergolas - Mat\u00e9riel<\/title>\n<meta name=\"robots\" content=\"index, follow, max-snippet:-1, max-image-preview:large, max-video-preview:-1\" \/>\n<link rel=\"canonical\" href=\"https:\/\/www.burmett-gr.com\/index.php\/aluminium-pergolas\/\" \/>\n<meta property=\"og:locale\" content=\"fr_FR\" \/>\n<meta property=\"og:type\" content=\"article\" \/>\n<meta property=\"og:title\" content=\"aluminium-pergolas - Mat\u00e9riel\" \/>\n<meta property=\"og:description\" content=\"Pergola Bioclimatique Aluminium 7300 \u00a0 Laissez entrer le soleil, ou pas&#8230; PRENEZ LE CONTR\u00d4LEPour faire de votre jardin un espace o\u00f9 il fait bon vivre, cette nouvelle pergola bioclimatique g\u00e8re l\u2019ensoleillement, la ventilation de l\u2019air[...]\" \/>\n<meta property=\"og:url\" content=\"https:\/\/www.burmett-gr.com\/index.php\/aluminium-pergolas\/\" \/>\n<meta property=\"og:site_name\" content=\"Mat\u00e9riel\" \/>\n<meta property=\"article:publisher\" content=\"https:\/\/www.facebook.com\/burmett.gr\/\" \/>\n<meta property=\"article:modified_time\" content=\"2021-04-05T15:56:46+00:00\" \/>\n<meta property=\"og:image\" content=\"https:\/\/www.sepalumic.com\/sites\/default\/files\/styles\/produit_header\/public\/produits\/pergola_haddioui_0.jpg?itok=mQtzs60r\" \/>\n<meta name=\"twitter:card\" content=\"summary_large_image\" \/>\n<meta name=\"twitter:label1\" content=\"Dur\u00e9e de lecture estim\u00e9e\" \/>\n\t<meta name=\"twitter:data1\" content=\"3 minutes\" \/>\n<script type=\"application\/ld+json\" class=\"yoast-schema-graph\">{\"@context\":\"https:\/\/schema.org\",\"@graph\":[{\"@type\":\"WebPage\",\"@id\":\"https:\/\/www.burmett-gr.com\/index.php\/aluminium-pergolas\/\",\"url\":\"https:\/\/www.burmett-gr.com\/index.php\/aluminium-pergolas\/\",\"name\":\"aluminium-pergolas - Mat\u00e9riel\",\"isPartOf\":{\"@id\":\"https:\/\/www.burmett-gr.com\/#website\"},\"primaryImageOfPage\":{\"@id\":\"https:\/\/www.burmett-gr.com\/index.php\/aluminium-pergolas\/#primaryimage\"},\"image\":{\"@id\":\"https:\/\/www.burmett-gr.com\/index.php\/aluminium-pergolas\/#primaryimage\"},\"thumbnailUrl\":\"https:\/\/www.sepalumic.com\/sites\/default\/files\/styles\/produit_header\/public\/produits\/pergola_haddioui_0.jpg?itok=mQtzs60r\",\"datePublished\":\"2019-10-17T01:12:52+00:00\",\"dateModified\":\"2021-04-05T15:56:46+00:00\",\"breadcrumb\":{\"@id\":\"https:\/\/www.burmett-gr.com\/index.php\/aluminium-pergolas\/#breadcrumb\"},\"inLanguage\":\"fr-FR\",\"potentialAction\":[{\"@type\":\"ReadAction\",\"target\":[\"https:\/\/www.burmett-gr.com\/index.php\/aluminium-pergolas\/\"]}]},{\"@type\":\"ImageObject\",\"inLanguage\":\"fr-FR\",\"@id\":\"https:\/\/www.burmett-gr.com\/index.php\/aluminium-pergolas\/#primaryimage\",\"url\":\"https:\/\/www.sepalumic.com\/sites\/default\/files\/styles\/produit_header\/public\/produits\/pergola_haddioui_0.jpg?itok=mQtzs60r\",\"contentUrl\":\"https:\/\/www.sepalumic.com\/sites\/default\/files\/styles\/produit_header\/public\/produits\/pergola_haddioui_0.jpg?itok=mQtzs60r\"},{\"@type\":\"BreadcrumbList\",\"@id\":\"https:\/\/www.burmett-gr.com\/index.php\/aluminium-pergolas\/#breadcrumb\",\"itemListElement\":[{\"@type\":\"ListItem\",\"position\":1,\"name\":\"Accueil\",\"item\":\"https:\/\/www.burmett-gr.com\/\"},{\"@type\":\"ListItem\",\"position\":2,\"name\":\"aluminium-pergolas\"}]},{\"@type\":\"WebSite\",\"@id\":\"https:\/\/www.burmett-gr.com\/#website\",\"url\":\"https:\/\/www.burmett-gr.com\/\",\"name\":\"Mat\u00e9riel\",\"description\":\"ALGERIE\",\"publisher\":{\"@id\":\"https:\/\/www.burmett-gr.com\/#organization\"},\"potentialAction\":[{\"@type\":\"SearchAction\",\"target\":{\"@type\":\"EntryPoint\",\"urlTemplate\":\"https:\/\/www.burmett-gr.com\/?s={search_term_string}\"},\"query-input\":{\"@type\":\"PropertyValueSpecification\",\"valueRequired\":true,\"valueName\":\"search_term_string\"}}],\"inLanguage\":\"fr-FR\"},{\"@type\":\"Organization\",\"@id\":\"https:\/\/www.burmett-gr.com\/#organization\",\"name\":\"BURMETT-GR\",\"url\":\"https:\/\/www.burmett-gr.com\/\",\"logo\":{\"@type\":\"ImageObject\",\"inLanguage\":\"fr-FR\",\"@id\":\"https:\/\/www.burmett-gr.com\/#\/schema\/logo\/image\/\",\"url\":\"https:\/\/www.burmett-gr.com\/wp-content\/uploads\/2020\/04\/Screenshot_2020-04-15-Vistaprint.png\",\"contentUrl\":\"https:\/\/www.burmett-gr.com\/wp-content\/uploads\/2020\/04\/Screenshot_2020-04-15-Vistaprint.png\",\"width\":668,\"height\":294,\"caption\":\"BURMETT-GR\"},\"image\":{\"@id\":\"https:\/\/www.burmett-gr.com\/#\/schema\/logo\/image\/\"},\"sameAs\":[\"https:\/\/www.facebook.com\/burmett.gr\/\",\"https:\/\/www.instagram.com\/burmett_oran\/\",\"https:\/\/www.pinterest.fr\/burmettgr\/\"]}]}<\/script>\n<!-- \/ Yoast SEO plugin. -->","yoast_head_json":{"title":"aluminium-pergolas - Mat\u00e9riel","robots":{"index":"index","follow":"follow","max-snippet":"max-snippet:-1","max-image-preview":"max-image-preview:large","max-video-preview":"max-video-preview:-1"},"canonical":"https:\/\/www.burmett-gr.com\/index.php\/aluminium-pergolas\/","og_locale":"fr_FR","og_type":"article","og_title":"aluminium-pergolas - Mat\u00e9riel","og_description":"Pergola Bioclimatique Aluminium 7300 \u00a0 Laissez entrer le soleil, ou pas&#8230; PRENEZ LE CONTR\u00d4LEPour faire de votre jardin un espace o\u00f9 il fait bon vivre, cette nouvelle pergola bioclimatique g\u00e8re l\u2019ensoleillement, la ventilation de l\u2019air[...]","og_url":"https:\/\/www.burmett-gr.com\/index.php\/aluminium-pergolas\/","og_site_name":"Mat\u00e9riel","article_publisher":"https:\/\/www.facebook.com\/burmett.gr\/","article_modified_time":"2021-04-05T15:56:46+00:00","og_image":[{"url":"https:\/\/www.sepalumic.com\/sites\/default\/files\/styles\/produit_header\/public\/produits\/pergola_haddioui_0.jpg?itok=mQtzs60r","type":"","width":"","height":""}],"twitter_card":"summary_large_image","twitter_misc":{"Dur\u00e9e de lecture estim\u00e9e":"3 minutes"},"schema":{"@context":"https:\/\/schema.org","@graph":[{"@type":"WebPage","@id":"https:\/\/www.burmett-gr.com\/index.php\/aluminium-pergolas\/","url":"https:\/\/www.burmett-gr.com\/index.php\/aluminium-pergolas\/","name":"aluminium-pergolas - Mat\u00e9riel","isPartOf":{"@id":"https:\/\/www.burmett-gr.com\/#website"},"primaryImageOfPage":{"@id":"https:\/\/www.burmett-gr.com\/index.php\/aluminium-pergolas\/#primaryimage"},"image":{"@id":"https:\/\/www.burmett-gr.com\/index.php\/aluminium-pergolas\/#primaryimage"},"thumbnailUrl":"https:\/\/www.sepalumic.com\/sites\/default\/files\/styles\/produit_header\/public\/produits\/pergola_haddioui_0.jpg?itok=mQtzs60r","datePublished":"2019-10-17T01:12:52+00:00","dateModified":"2021-04-05T15:56:46+00:00","breadcrumb":{"@id":"https:\/\/www.burmett-gr.com\/index.php\/aluminium-pergolas\/#breadcrumb"},"inLanguage":"fr-FR","potentialAction":[{"@type":"ReadAction","target":["https:\/\/www.burmett-gr.com\/index.php\/aluminium-pergolas\/"]}]},{"@type":"ImageObject","inLanguage":"fr-FR","@id":"https:\/\/www.burmett-gr.com\/index.php\/aluminium-pergolas\/#primaryimage","url":"https:\/\/www.sepalumic.com\/sites\/default\/files\/styles\/produit_header\/public\/produits\/pergola_haddioui_0.jpg?itok=mQtzs60r","contentUrl":"https:\/\/www.sepalumic.com\/sites\/default\/files\/styles\/produit_header\/public\/produits\/pergola_haddioui_0.jpg?itok=mQtzs60r"},{"@type":"BreadcrumbList","@id":"https:\/\/www.burmett-gr.com\/index.php\/aluminium-pergolas\/#breadcrumb","itemListElement":[{"@type":"ListItem","position":1,"name":"Accueil","item":"https:\/\/www.burmett-gr.com\/"},{"@type":"ListItem","position":2,"name":"aluminium-pergolas"}]},{"@type":"WebSite","@id":"https:\/\/www.burmett-gr.com\/#website","url":"https:\/\/www.burmett-gr.com\/","name":"Mat\u00e9riel","description":"ALGERIE","publisher":{"@id":"https:\/\/www.burmett-gr.com\/#organization"},"potentialAction":[{"@type":"SearchAction","target":{"@type":"EntryPoint","urlTemplate":"https:\/\/www.burmett-gr.com\/?s={search_term_string}"},"query-input":{"@type":"PropertyValueSpecification","valueRequired":true,"valueName":"search_term_string"}}],"inLanguage":"fr-FR"},{"@type":"Organization","@id":"https:\/\/www.burmett-gr.com\/#organization","name":"BURMETT-GR","url":"https:\/\/www.burmett-gr.com\/","logo":{"@type":"ImageObject","inLanguage":"fr-FR","@id":"https:\/\/www.burmett-gr.com\/#\/schema\/logo\/image\/","url":"https:\/\/www.burmett-gr.com\/wp-content\/uploads\/2020\/04\/Screenshot_2020-04-15-Vistaprint.png","contentUrl":"https:\/\/www.burmett-gr.com\/wp-content\/uploads\/2020\/04\/Screenshot_2020-04-15-Vistaprint.png","width":668,"height":294,"caption":"BURMETT-GR"},"image":{"@id":"https:\/\/www.burmett-gr.com\/#\/schema\/logo\/image\/"},"sameAs":["https:\/\/www.facebook.com\/burmett.gr\/","https:\/\/www.instagram.com\/burmett_oran\/","https:\/\/www.pinterest.fr\/burmettgr\/"]}]}},"_links":{"self":[{"href":"https:\/\/www.burmett-gr.com\/index.php\/wp-json\/wp\/v2\/pages\/201","targetHints":{"allow":["GET"]}}],"collection":[{"href":"https:\/\/www.burmett-gr.com\/index.php\/wp-json\/wp\/v2\/pages"}],"about":[{"href":"https:\/\/www.burmett-gr.com\/index.php\/wp-json\/wp\/v2\/types\/page"}],"author":[{"embeddable":true,"href":"https:\/\/www.burmett-gr.com\/index.php\/wp-json\/wp\/v2\/users\/1"}],"replies":[{"embeddable":true,"href":"https:\/\/www.burmett-gr.com\/index.php\/wp-json\/wp\/v2\/comments?post=201"}],"version-history":[{"count":21,"href":"https:\/\/www.burmett-gr.com\/index.php\/wp-json\/wp\/v2\/pages\/201\/revisions"}],"predecessor-version":[{"id":2436,"href":"https:\/\/www.burmett-gr.com\/index.php\/wp-json\/wp\/v2\/pages\/201\/revisions\/2436"}],"wp:attachment":[{"href":"https:\/\/www.burmett-gr.com\/index.php\/wp-json\/wp\/v2\/media?parent=201"}],"curies":[{"name":"wp","href":"https:\/\/api.w.org\/{rel}","templated":true}]}}