{"id":197,"date":"2019-10-17T03:12:52","date_gmt":"2019-10-17T01:12:52","guid":{"rendered":"http:\/\/www.burmett-gr.com\/?page_id=197"},"modified":"2020-04-17T15:58:42","modified_gmt":"2020-04-17T13:58:42","slug":"aluminium-portails","status":"publish","type":"page","link":"https:\/\/www.burmett-gr.com\/index.php\/aluminium-portails\/","title":{"rendered":"aluminium-portails"},"content":{"rendered":"\t\t<div data-elementor-type=\"wp-page\" data-elementor-id=\"197\" class=\"elementor elementor-197\">\n\t\t\t\t\t\t\t\t\t<section class=\"elementor-section elementor-top-section elementor-element elementor-element-487155dc elementor-section-boxed elementor-section-height-default elementor-section-height-default\" data-id=\"487155dc\" data-element_type=\"section\">\n\t\t\t\t\t\t<div class=\"elementor-container elementor-column-gap-default\">\n\t\t\t\t\t<div class=\"elementor-column elementor-col-100 elementor-top-column elementor-element elementor-element-5ce3b98c\" data-id=\"5ce3b98c\" data-element_type=\"column\">\n\t\t\t<div class=\"elementor-widget-wrap elementor-element-populated\">\n\t\t\t\t\t\t\t\t<div class=\"elementor-element elementor-element-3f39d699 elementor-widget elementor-widget-text-editor\" data-id=\"3f39d699\" data-element_type=\"widget\" data-widget_type=\"text-editor.default\">\n\t\t\t\t<div class=\"elementor-widget-container\">\n\t\t\t\t\t\t\t<!-- wp:paragraph {\"align\":\"center\",\"customTextColor\":\"#a48838\",\"customFontSize\":49} -->\n<p style=\"color:#a48838;font-size:49px;text-align:center\" class=\"has-text-color\"><strong>Portail aluminium 2500<\/strong><\/p>\n<!-- \/wp:paragraph -->\n\n<!-- wp:image -->\n<figure class=\"wp-block-image\"><img decoding=\"async\" src=\"https:\/\/www.sepalumic.com\/sites\/default\/files\/styles\/produit_header\/public\/produits\/page_26.jpg?itok=7E0zymRH\" alt=\"\"\/><\/figure>\n<!-- \/wp:image -->\n\n<!-- wp:heading {\"level\":1,\"align\":\"center\"} -->\n<h1 style=\"text-align:center\">Le  Portail 2500 s&rsquo;impose avec force et \u00e9l\u00e9gance. Avec un large  panel de styles et de remplissages, offrez du choix \u00e0 vos clients !<\/h1>\n<!-- \/wp:heading -->\n\n<!-- wp:image -->\n<figure class=\"wp-block-image\"><img decoding=\"async\" src=\"https:\/\/www.sepalumic.com\/sites\/default\/files\/styles\/produit_header\/public\/produits\/portail_aluminium_sepalumic14.jpg?itok=5KqhW4Rl\" alt=\"\"\/><\/figure>\n<!-- \/wp:image -->\n\n<!-- wp:paragraph {\"align\":\"center\"} -->\n<p style=\"text-align:center\">Une\n qualit\u00e9 haut de gamme qui transpara\u00eet dans la qualit\u00e9 des finitions, \nsans vis apparentes, l&rsquo;entretien facile, le choix des multiples teintes \nSepalumic et un large panel de configurations.<\/p>\n<!-- \/wp:paragraph -->\n\n<!-- wp:image -->\n<figure class=\"wp-block-image\"><img decoding=\"async\" src=\"https:\/\/www.sepalumic.com\/sites\/default\/files\/styles\/produit_header\/public\/produits\/portail_aluminium_sepalumic17.jpg?itok=T7paAjun\" alt=\"\"\/><\/figure>\n<!-- \/wp:image -->\n\n<!-- wp:paragraph {\"align\":\"center\"} -->\n<p style=\"text-align:center\">Ouverture,\n remplissage, style, motorisation&#8230; toutes les variations sont \npossibles : portillon, battant 1 et 2 vantaux, coulissant 1 vantail et \naspect 2 vantaux, remplissage plein horizontal ou vertical, remplissage \nfoug\u00e8re, remplissage ajour\u00e9, assemblage par encastrement, ou remplissage\n mixte&#8230;&nbsp;<\/p>\n<!-- \/wp:paragraph -->\n\n<!-- wp:image -->\n<figure class=\"wp-block-image\"><img decoding=\"async\" src=\"https:\/\/www.sepalumic.com\/sites\/default\/files\/styles\/produit_header\/public\/produits\/photo_page_27_0.jpg?itok=5RhZO1I-\" alt=\"photo_portail_Maroc\"\/><\/figure>\n<!-- \/wp:image -->\n\n<!-- wp:paragraph {\"align\":\"center\"} -->\n<p style=\"text-align:center\">Le style fer forg\u00e9 se pare\n de pointes d\u2019embouts d\u00e9coratives en goutte d\u2019eau, fleur de lys ou rond.\n L\u2019\u00e9paisseur des profils jusqu\u2019\u00e0 2 mm et l\u2019encastrement des traverses \ndans les montants apportent une&nbsp;rigidit\u00e9 renforc\u00e9e.<\/p>\n<!-- \/wp:paragraph -->\t\t\t\t\t\t<\/div>\n\t\t\t\t<\/div>\n\t\t\t\t\t<\/div>\n\t\t<\/div>\n\t\t\t\t\t\t\t<\/div>\n\t\t<\/section>\n\t\t\t\t<section class=\"elementor-section elementor-top-section elementor-element elementor-element-56026d7 elementor-section-boxed elementor-section-height-default elementor-section-height-default\" data-id=\"56026d7\" data-element_type=\"section\">\n\t\t\t\t\t\t<div class=\"elementor-container elementor-column-gap-default\">\n\t\t\t\t\t<div class=\"elementor-column elementor-col-100 elementor-top-column elementor-element elementor-element-c7d1fce\" data-id=\"c7d1fce\" data-element_type=\"column\">\n\t\t\t<div class=\"elementor-widget-wrap elementor-element-populated\">\n\t\t\t\t\t\t\t\t<div class=\"elementor-element elementor-element-35544ac elementor-widget elementor-widget-text-editor\" data-id=\"35544ac\" data-element_type=\"widget\" data-widget_type=\"text-editor.default\">\n\t\t\t\t<div class=\"elementor-widget-container\">\n\t\t\t\t\t\t\t<div id=\"produit-s1\" class=\"row\">\n<div class=\"col-sm-6 img-col \"><img loading=\"lazy\" decoding=\"async\" class=\"alignnone size-full wp-image-1654\" src=\"https:\/\/www.burmett-gr.com\/wp-content\/uploads\/2020\/04\/P1.jpg\" alt=\"\" width=\"232\" height=\"350\" srcset=\"https:\/\/www.burmett-gr.com\/wp-content\/uploads\/2020\/04\/P1.jpg 232w, https:\/\/www.burmett-gr.com\/wp-content\/uploads\/2020\/04\/P1-199x300.jpg 199w\" sizes=\"auto, (max-width: 232px) 100vw, 232px\" \/><\/div>\n<div class=\"txt-col col-sm-6 \">\n<div class=\"centered-transform\">\n<h2>Les + Produits<\/h2>\n<ul>\n<li>Montants 81&#215;53 mm, \u00e9paisseur de 1,8 \u00e0 2 mm<\/li>\n<li>Traverse 83&#215;46 mm, \u00e9paisseur de 1,8 \u00e0 2 mm<\/li>\n<li>Les traverses hautes et interm\u00e9diaires peuvent \u00eatre cintr\u00e9es<\/li>\n<li>Configurations possibles : Portillon &#8211; Battant &#8211; Coulissant &#8211; Cl\u00f4ture<\/li>\n<li>Rigidit\u00e9 renforc\u00e9e<\/li>\n<\/ul>\n<\/div>\n<\/div>\n<\/div>\t\t\t\t\t\t<\/div>\n\t\t\t\t<\/div>\n\t\t\t\t\t<\/div>\n\t\t<\/div>\n\t\t\t\t\t\t\t<\/div>\n\t\t<\/section>\n\t\t\t\t<section class=\"elementor-section elementor-top-section elementor-element elementor-element-207b29d elementor-section-boxed elementor-section-height-default elementor-section-height-default\" data-id=\"207b29d\" data-element_type=\"section\">\n\t\t\t\t\t\t<div class=\"elementor-container elementor-column-gap-default\">\n\t\t\t\t\t<div class=\"elementor-column elementor-col-100 elementor-top-column elementor-element elementor-element-a97d3b4\" data-id=\"a97d3b4\" data-element_type=\"column\">\n\t\t\t<div class=\"elementor-widget-wrap elementor-element-populated\">\n\t\t\t\t\t\t\t\t<div class=\"elementor-element elementor-element-51e92e6 elementor-widget elementor-widget-text-editor\" data-id=\"51e92e6\" data-element_type=\"widget\" data-widget_type=\"text-editor.default\">\n\t\t\t\t<div class=\"elementor-widget-container\">\n\t\t\t\t\t\t\t<div id=\"produit-s2\" class=\"row\">\n<div class=\"col-sm-6 txt-col \">\n<div class=\"centered-transform\">\n<h2>Vos B\u00e9n\u00e9fices<\/h2>\n<ul>\n<li>Esth\u00e9tique personnalisable<\/li>\n<li>Large choix de configurations (remplissage, barreaudage, cintrage)<\/li>\n<li>Accessoires personnalisables \/ laquables<\/li>\n<li>Finition \u00e9l\u00e9gante &#8211; Sans vis apparente<\/li>\n<li>S\u00e9curit\u00e9 renforc\u00e9e<\/li>\n<\/ul>\n<\/div>\n<\/div>\n<div class=\"col-sm-6 img-col\"><img loading=\"lazy\" decoding=\"async\" class=\"alignnone size-full wp-image-1656\" src=\"https:\/\/www.burmett-gr.com\/wp-content\/uploads\/2020\/04\/P2.jpg\" alt=\"\" width=\"232\" height=\"350\" srcset=\"https:\/\/www.burmett-gr.com\/wp-content\/uploads\/2020\/04\/P2.jpg 232w, https:\/\/www.burmett-gr.com\/wp-content\/uploads\/2020\/04\/P2-199x300.jpg 199w\" sizes=\"auto, (max-width: 232px) 100vw, 232px\" \/><\/div>\n<\/div>\t\t\t\t\t\t<\/div>\n\t\t\t\t<\/div>\n\t\t\t\t\t<\/div>\n\t\t<\/div>\n\t\t\t\t\t\t\t<\/div>\n\t\t<\/section>\n\t\t\t\t<section class=\"elementor-section elementor-top-section elementor-element elementor-element-fe83b81 elementor-section-boxed elementor-section-height-default elementor-section-height-default\" data-id=\"fe83b81\" data-element_type=\"section\">\n\t\t\t\t\t\t<div class=\"elementor-container elementor-column-gap-default\">\n\t\t\t\t\t<div class=\"elementor-column elementor-col-100 elementor-top-column elementor-element elementor-element-d7f03d1\" data-id=\"d7f03d1\" data-element_type=\"column\">\n\t\t\t<div class=\"elementor-widget-wrap elementor-element-populated\">\n\t\t\t\t\t\t\t\t<div class=\"elementor-element elementor-element-0f5c301 elementor-widget elementor-widget-text-editor\" data-id=\"0f5c301\" data-element_type=\"widget\" data-widget_type=\"text-editor.default\">\n\t\t\t\t<div class=\"elementor-widget-container\">\n\t\t\t\t\t\t\t<h2 style=\"text-align: center;\">Configurations possibles<\/h2>\t\t\t\t\t\t<\/div>\n\t\t\t\t<\/div>\n\t\t\t\t\t<\/div>\n\t\t<\/div>\n\t\t\t\t\t\t\t<\/div>\n\t\t<\/section>\n\t\t\t\t<section class=\"elementor-section elementor-top-section elementor-element elementor-element-3b3cd40 elementor-section-boxed elementor-section-height-default elementor-section-height-default\" data-id=\"3b3cd40\" data-element_type=\"section\">\n\t\t\t\t\t\t<div class=\"elementor-container elementor-column-gap-default\">\n\t\t\t\t\t<div class=\"elementor-column elementor-col-100 elementor-top-column elementor-element elementor-element-88cbd80\" data-id=\"88cbd80\" data-element_type=\"column\">\n\t\t\t<div class=\"elementor-widget-wrap elementor-element-populated\">\n\t\t\t\t\t\t\t\t<div class=\"elementor-element elementor-element-57b99f0 elementor-widget elementor-widget-text-editor\" data-id=\"57b99f0\" data-element_type=\"widget\" data-widget_type=\"text-editor.default\">\n\t\t\t\t<div class=\"elementor-widget-container\">\n\t\t\t\t\t\t\t<p><img loading=\"lazy\" decoding=\"async\" class=\"aligncenter\" src=\"https:\/\/www.sepalumic.com\/sites\/default\/files\/produits\/configuration_portail.png\" alt=\"\" width=\"761\" height=\"172\" \/><\/p>\n<p>\u00a0<\/p>\t\t\t\t\t\t<\/div>\n\t\t\t\t<\/div>\n\t\t\t\t\t<\/div>\n\t\t<\/div>\n\t\t\t\t\t\t\t<\/div>\n\t\t<\/section>\n\t\t\t\t<section class=\"elementor-section elementor-top-section elementor-element elementor-element-6e74ce7 elementor-section-boxed elementor-section-height-default elementor-section-height-default\" data-id=\"6e74ce7\" data-element_type=\"section\">\n\t\t\t\t\t\t<div class=\"elementor-container elementor-column-gap-default\">\n\t\t\t\t\t<div class=\"elementor-column elementor-col-100 elementor-top-column elementor-element elementor-element-3506d79\" data-id=\"3506d79\" data-element_type=\"column\">\n\t\t\t<div class=\"elementor-widget-wrap elementor-element-populated\">\n\t\t\t\t\t\t\t\t<div class=\"elementor-element elementor-element-82699ad elementor-widget elementor-widget-text-editor\" data-id=\"82699ad\" data-element_type=\"widget\" data-widget_type=\"text-editor.default\">\n\t\t\t\t<div class=\"elementor-widget-container\">\n\t\t\t\t\t\t\t<h2 style=\"text-align: center;\">Performances &amp; infos techniques<\/h2>\t\t\t\t\t\t<\/div>\n\t\t\t\t<\/div>\n\t\t\t\t\t<\/div>\n\t\t<\/div>\n\t\t\t\t\t\t\t<\/div>\n\t\t<\/section>\n\t\t\t\t<section class=\"elementor-section elementor-top-section elementor-element elementor-element-2edda7f elementor-section-boxed elementor-section-height-default elementor-section-height-default\" data-id=\"2edda7f\" data-element_type=\"section\">\n\t\t\t\t\t\t<div class=\"elementor-container elementor-column-gap-default\">\n\t\t\t\t\t<div class=\"elementor-column elementor-col-100 elementor-top-column elementor-element elementor-element-c315304\" data-id=\"c315304\" data-element_type=\"column\">\n\t\t\t<div class=\"elementor-widget-wrap elementor-element-populated\">\n\t\t\t\t\t\t\t\t<div class=\"elementor-element elementor-element-8a4abf5 elementor-widget elementor-widget-text-editor\" data-id=\"8a4abf5\" data-element_type=\"widget\" data-widget_type=\"text-editor.default\">\n\t\t\t\t<div class=\"elementor-widget-container\">\n\t\t\t\t\t\t\t<div class=\"col-sm-12 \">\n<div class=\"row group-row2 field-group-bootstrap_grid_row\">\n<div class=\"col-md-6 col-lg-6 group-col4 field-group-bootstrap_grid_col\">\n<div class=\"img-doc\"><img loading=\"lazy\" decoding=\"async\" class=\"alignnone size-full wp-image-1658\" src=\"https:\/\/www.burmett-gr.com\/wp-content\/uploads\/2020\/04\/P3.jpg\" alt=\"\" width=\"640\" height=\"400\" srcset=\"https:\/\/www.burmett-gr.com\/wp-content\/uploads\/2020\/04\/P3.jpg 640w, https:\/\/www.burmett-gr.com\/wp-content\/uploads\/2020\/04\/P3-300x188.jpg 300w, https:\/\/www.burmett-gr.com\/wp-content\/uploads\/2020\/04\/P3-370x231.jpg 370w\" sizes=\"auto, (max-width: 640px) 100vw, 640px\" \/><\/div>\n<div class=\"group-download field-group-div\">\n<p style=\"text-align: center;\">Dim. max\/vtlPortillon L1600 \/ H2000 MM<\/p>\n<\/div>\n<\/div>\n<div class=\"col-md-6 col-lg-6 group-col3 field-group-bootstrap_grid_col\">\n<div class=\"info-technique\">\n<div class=\"field-collection-container clearfix\">\n<div class=\"info\">\n<div class=\"field-collection-view clearfix view-mode-full\">\n<div class=\"ds-1col entity entity-field-collection-item field-collection-item-field-informations-techniques collection-right view-mode-full clearfix\">\n<div class=\"ds-1col taxonomy-term vocabulary-infos-techniques view-mode-icone_produit clearfix\">\n<div class=\"icone\"><img loading=\"lazy\" decoding=\"async\" src=\"https:\/\/www.sepalumic.com\/sites\/default\/files\/Iconographie\/dimensions.png\" alt=\"\" width=\"21\" height=\"21\" \/><\/div>\n<div class=\"title\">Dim. max\/vtl<\/div>\n<\/div>\nBattant L2500 \/ H2000 MM<\/div>\n<\/div>\n<\/div>\n<div class=\"info\">\n<div class=\"field-collection-view clearfix view-mode-full field-collection-view-final\">\n<div class=\"ds-1col entity entity-field-collection-item field-collection-item-field-informations-techniques collection-left view-mode-full clearfix\">\n<div class=\"ds-1col taxonomy-term vocabulary-infos-techniques view-mode-icone_produit clearfix\">\n<div class=\"icone\"><img loading=\"lazy\" decoding=\"async\" src=\"https:\/\/www.sepalumic.com\/sites\/default\/files\/Iconographie\/dimensions.png\" alt=\"\" width=\"21\" height=\"21\" \/><\/div>\n<div class=\"title\">Dim. max\/vtl<\/div>\n<\/div>\nCoulissant L2500 \/ H2000 MM<\/div>\n<\/div>\n<\/div>\n<\/div>\n<\/div>\n<div class=\"group-performances field-group-div\">\n<div class=\"field-collection-container clearfix\">\n<div class=\"info col-xs-6\">\n<div class=\"field-collection-view clearfix view-mode-full\">\n<div class=\"ds-1col entity entity-field-collection-item field-collection-item-field-performances collection-right view-mode-full clearfix\">\n<div class=\"icone\"><img loading=\"lazy\" decoding=\"async\" src=\"https:\/\/www.sepalumic.com\/sites\/default\/files\/Iconographie\/picto8.png\" alt=\"\" width=\"61\" height=\"61\" \/><\/div>\n<div class=\"title\">Formes<\/div>\n<div class=\"valeur\">\n<p>7 formes diff\u00e9rentes<\/p>\n<\/div>\n<\/div>\n<\/div>\n<\/div>\n<div class=\"info col-xs-6\">\n<div class=\"field-collection-view clearfix view-mode-full field-collection-view-final\">\n<div class=\"ds-1col entity entity-field-collection-item field-collection-item-field-performances collection-left view-mode-full clearfix\">\n<div class=\"icone\"><img loading=\"lazy\" decoding=\"async\" src=\"https:\/\/www.sepalumic.com\/sites\/default\/files\/Iconographie\/picto13.png\" alt=\"\" width=\"61\" height=\"61\" \/><\/div>\n<div class=\"title\">Remplissages<\/div>\n<div class=\"valeur\">\n<p>9 Contemporains<br \/>4 M\u00e9di\u00e9vals<\/p>\n<\/div>\n<\/div>\n<\/div>\n<\/div>\n<\/div>\n<\/div>\n<\/div>\n<\/div>\n<\/div>\t\t\t\t\t\t<\/div>\n\t\t\t\t<\/div>\n\t\t\t\t\t<\/div>\n\t\t<\/div>\n\t\t\t\t\t\t\t<\/div>\n\t\t<\/section>\n\t\t\t\t\t\t\t<\/div>\n\t\t","protected":false},"excerpt":{"rendered":"<p>Portail aluminium 2500 Le Portail 2500 s&rsquo;impose avec force et \u00e9l\u00e9gance. Avec un large panel de styles et de remplissages, offrez du choix \u00e0 vos clients ! Une qualit\u00e9 haut de gamme qui transpara\u00eet dans[&#8230;]<\/p>\n","protected":false},"author":1,"featured_media":0,"parent":0,"menu_order":0,"comment_status":"closed","ping_status":"closed","template":"","meta":{"footnotes":""},"class_list":["post-197","page","type-page","status-publish","hentry"],"yoast_head":"<!-- This site is optimized with the Yoast SEO plugin v24.9 - https:\/\/yoast.com\/wordpress\/plugins\/seo\/ -->\n<title>aluminium-portails - Mat\u00e9riel<\/title>\n<meta name=\"robots\" content=\"index, follow, max-snippet:-1, max-image-preview:large, max-video-preview:-1\" \/>\n<link rel=\"canonical\" href=\"https:\/\/www.burmett-gr.com\/index.php\/aluminium-portails\/\" \/>\n<meta property=\"og:locale\" content=\"fr_FR\" \/>\n<meta property=\"og:type\" content=\"article\" \/>\n<meta property=\"og:title\" content=\"aluminium-portails - Mat\u00e9riel\" \/>\n<meta property=\"og:description\" content=\"Portail aluminium 2500 Le Portail 2500 s&rsquo;impose avec force et \u00e9l\u00e9gance. Avec un large panel de styles et de remplissages, offrez du choix \u00e0 vos clients ! Une qualit\u00e9 haut de gamme qui transpara\u00eet dans[...]\" \/>\n<meta property=\"og:url\" content=\"https:\/\/www.burmett-gr.com\/index.php\/aluminium-portails\/\" \/>\n<meta property=\"og:site_name\" content=\"Mat\u00e9riel\" \/>\n<meta property=\"article:publisher\" content=\"https:\/\/www.facebook.com\/burmett.gr\/\" \/>\n<meta property=\"article:modified_time\" content=\"2020-04-17T13:58:42+00:00\" \/>\n<meta property=\"og:image\" content=\"https:\/\/www.sepalumic.com\/sites\/default\/files\/styles\/produit_header\/public\/produits\/page_26.jpg?itok=7E0zymRH\" \/>\n<meta name=\"twitter:card\" content=\"summary_large_image\" \/>\n<meta name=\"twitter:label1\" content=\"Dur\u00e9e de lecture estim\u00e9e\" \/>\n\t<meta name=\"twitter:data1\" content=\"1 minute\" \/>\n<script type=\"application\/ld+json\" class=\"yoast-schema-graph\">{\"@context\":\"https:\/\/schema.org\",\"@graph\":[{\"@type\":\"WebPage\",\"@id\":\"https:\/\/www.burmett-gr.com\/index.php\/aluminium-portails\/\",\"url\":\"https:\/\/www.burmett-gr.com\/index.php\/aluminium-portails\/\",\"name\":\"aluminium-portails - Mat\u00e9riel\",\"isPartOf\":{\"@id\":\"https:\/\/www.burmett-gr.com\/#website\"},\"primaryImageOfPage\":{\"@id\":\"https:\/\/www.burmett-gr.com\/index.php\/aluminium-portails\/#primaryimage\"},\"image\":{\"@id\":\"https:\/\/www.burmett-gr.com\/index.php\/aluminium-portails\/#primaryimage\"},\"thumbnailUrl\":\"https:\/\/www.sepalumic.com\/sites\/default\/files\/styles\/produit_header\/public\/produits\/page_26.jpg?itok=7E0zymRH\",\"datePublished\":\"2019-10-17T01:12:52+00:00\",\"dateModified\":\"2020-04-17T13:58:42+00:00\",\"breadcrumb\":{\"@id\":\"https:\/\/www.burmett-gr.com\/index.php\/aluminium-portails\/#breadcrumb\"},\"inLanguage\":\"fr-FR\",\"potentialAction\":[{\"@type\":\"ReadAction\",\"target\":[\"https:\/\/www.burmett-gr.com\/index.php\/aluminium-portails\/\"]}]},{\"@type\":\"ImageObject\",\"inLanguage\":\"fr-FR\",\"@id\":\"https:\/\/www.burmett-gr.com\/index.php\/aluminium-portails\/#primaryimage\",\"url\":\"https:\/\/www.sepalumic.com\/sites\/default\/files\/styles\/produit_header\/public\/produits\/page_26.jpg?itok=7E0zymRH\",\"contentUrl\":\"https:\/\/www.sepalumic.com\/sites\/default\/files\/styles\/produit_header\/public\/produits\/page_26.jpg?itok=7E0zymRH\"},{\"@type\":\"BreadcrumbList\",\"@id\":\"https:\/\/www.burmett-gr.com\/index.php\/aluminium-portails\/#breadcrumb\",\"itemListElement\":[{\"@type\":\"ListItem\",\"position\":1,\"name\":\"Accueil\",\"item\":\"https:\/\/www.burmett-gr.com\/\"},{\"@type\":\"ListItem\",\"position\":2,\"name\":\"aluminium-portails\"}]},{\"@type\":\"WebSite\",\"@id\":\"https:\/\/www.burmett-gr.com\/#website\",\"url\":\"https:\/\/www.burmett-gr.com\/\",\"name\":\"Mat\u00e9riel\",\"description\":\"ALGERIE\",\"publisher\":{\"@id\":\"https:\/\/www.burmett-gr.com\/#organization\"},\"potentialAction\":[{\"@type\":\"SearchAction\",\"target\":{\"@type\":\"EntryPoint\",\"urlTemplate\":\"https:\/\/www.burmett-gr.com\/?s={search_term_string}\"},\"query-input\":{\"@type\":\"PropertyValueSpecification\",\"valueRequired\":true,\"valueName\":\"search_term_string\"}}],\"inLanguage\":\"fr-FR\"},{\"@type\":\"Organization\",\"@id\":\"https:\/\/www.burmett-gr.com\/#organization\",\"name\":\"BURMETT-GR\",\"url\":\"https:\/\/www.burmett-gr.com\/\",\"logo\":{\"@type\":\"ImageObject\",\"inLanguage\":\"fr-FR\",\"@id\":\"https:\/\/www.burmett-gr.com\/#\/schema\/logo\/image\/\",\"url\":\"https:\/\/www.burmett-gr.com\/wp-content\/uploads\/2020\/04\/Screenshot_2020-04-15-Vistaprint.png\",\"contentUrl\":\"https:\/\/www.burmett-gr.com\/wp-content\/uploads\/2020\/04\/Screenshot_2020-04-15-Vistaprint.png\",\"width\":668,\"height\":294,\"caption\":\"BURMETT-GR\"},\"image\":{\"@id\":\"https:\/\/www.burmett-gr.com\/#\/schema\/logo\/image\/\"},\"sameAs\":[\"https:\/\/www.facebook.com\/burmett.gr\/\",\"https:\/\/www.instagram.com\/burmett_oran\/\",\"https:\/\/www.pinterest.fr\/burmettgr\/\"]}]}<\/script>\n<!-- \/ Yoast SEO plugin. -->","yoast_head_json":{"title":"aluminium-portails - Mat\u00e9riel","robots":{"index":"index","follow":"follow","max-snippet":"max-snippet:-1","max-image-preview":"max-image-preview:large","max-video-preview":"max-video-preview:-1"},"canonical":"https:\/\/www.burmett-gr.com\/index.php\/aluminium-portails\/","og_locale":"fr_FR","og_type":"article","og_title":"aluminium-portails - Mat\u00e9riel","og_description":"Portail aluminium 2500 Le Portail 2500 s&rsquo;impose avec force et \u00e9l\u00e9gance. Avec un large panel de styles et de remplissages, offrez du choix \u00e0 vos clients ! Une qualit\u00e9 haut de gamme qui transpara\u00eet dans[...]","og_url":"https:\/\/www.burmett-gr.com\/index.php\/aluminium-portails\/","og_site_name":"Mat\u00e9riel","article_publisher":"https:\/\/www.facebook.com\/burmett.gr\/","article_modified_time":"2020-04-17T13:58:42+00:00","og_image":[{"url":"https:\/\/www.sepalumic.com\/sites\/default\/files\/styles\/produit_header\/public\/produits\/page_26.jpg?itok=7E0zymRH","type":"","width":"","height":""}],"twitter_card":"summary_large_image","twitter_misc":{"Dur\u00e9e de lecture estim\u00e9e":"1 minute"},"schema":{"@context":"https:\/\/schema.org","@graph":[{"@type":"WebPage","@id":"https:\/\/www.burmett-gr.com\/index.php\/aluminium-portails\/","url":"https:\/\/www.burmett-gr.com\/index.php\/aluminium-portails\/","name":"aluminium-portails - Mat\u00e9riel","isPartOf":{"@id":"https:\/\/www.burmett-gr.com\/#website"},"primaryImageOfPage":{"@id":"https:\/\/www.burmett-gr.com\/index.php\/aluminium-portails\/#primaryimage"},"image":{"@id":"https:\/\/www.burmett-gr.com\/index.php\/aluminium-portails\/#primaryimage"},"thumbnailUrl":"https:\/\/www.sepalumic.com\/sites\/default\/files\/styles\/produit_header\/public\/produits\/page_26.jpg?itok=7E0zymRH","datePublished":"2019-10-17T01:12:52+00:00","dateModified":"2020-04-17T13:58:42+00:00","breadcrumb":{"@id":"https:\/\/www.burmett-gr.com\/index.php\/aluminium-portails\/#breadcrumb"},"inLanguage":"fr-FR","potentialAction":[{"@type":"ReadAction","target":["https:\/\/www.burmett-gr.com\/index.php\/aluminium-portails\/"]}]},{"@type":"ImageObject","inLanguage":"fr-FR","@id":"https:\/\/www.burmett-gr.com\/index.php\/aluminium-portails\/#primaryimage","url":"https:\/\/www.sepalumic.com\/sites\/default\/files\/styles\/produit_header\/public\/produits\/page_26.jpg?itok=7E0zymRH","contentUrl":"https:\/\/www.sepalumic.com\/sites\/default\/files\/styles\/produit_header\/public\/produits\/page_26.jpg?itok=7E0zymRH"},{"@type":"BreadcrumbList","@id":"https:\/\/www.burmett-gr.com\/index.php\/aluminium-portails\/#breadcrumb","itemListElement":[{"@type":"ListItem","position":1,"name":"Accueil","item":"https:\/\/www.burmett-gr.com\/"},{"@type":"ListItem","position":2,"name":"aluminium-portails"}]},{"@type":"WebSite","@id":"https:\/\/www.burmett-gr.com\/#website","url":"https:\/\/www.burmett-gr.com\/","name":"Mat\u00e9riel","description":"ALGERIE","publisher":{"@id":"https:\/\/www.burmett-gr.com\/#organization"},"potentialAction":[{"@type":"SearchAction","target":{"@type":"EntryPoint","urlTemplate":"https:\/\/www.burmett-gr.com\/?s={search_term_string}"},"query-input":{"@type":"PropertyValueSpecification","valueRequired":true,"valueName":"search_term_string"}}],"inLanguage":"fr-FR"},{"@type":"Organization","@id":"https:\/\/www.burmett-gr.com\/#organization","name":"BURMETT-GR","url":"https:\/\/www.burmett-gr.com\/","logo":{"@type":"ImageObject","inLanguage":"fr-FR","@id":"https:\/\/www.burmett-gr.com\/#\/schema\/logo\/image\/","url":"https:\/\/www.burmett-gr.com\/wp-content\/uploads\/2020\/04\/Screenshot_2020-04-15-Vistaprint.png","contentUrl":"https:\/\/www.burmett-gr.com\/wp-content\/uploads\/2020\/04\/Screenshot_2020-04-15-Vistaprint.png","width":668,"height":294,"caption":"BURMETT-GR"},"image":{"@id":"https:\/\/www.burmett-gr.com\/#\/schema\/logo\/image\/"},"sameAs":["https:\/\/www.facebook.com\/burmett.gr\/","https:\/\/www.instagram.com\/burmett_oran\/","https:\/\/www.pinterest.fr\/burmettgr\/"]}]}},"_links":{"self":[{"href":"https:\/\/www.burmett-gr.com\/index.php\/wp-json\/wp\/v2\/pages\/197","targetHints":{"allow":["GET"]}}],"collection":[{"href":"https:\/\/www.burmett-gr.com\/index.php\/wp-json\/wp\/v2\/pages"}],"about":[{"href":"https:\/\/www.burmett-gr.com\/index.php\/wp-json\/wp\/v2\/types\/page"}],"author":[{"embeddable":true,"href":"https:\/\/www.burmett-gr.com\/index.php\/wp-json\/wp\/v2\/users\/1"}],"replies":[{"embeddable":true,"href":"https:\/\/www.burmett-gr.com\/index.php\/wp-json\/wp\/v2\/comments?post=197"}],"version-history":[{"count":15,"href":"https:\/\/www.burmett-gr.com\/index.php\/wp-json\/wp\/v2\/pages\/197\/revisions"}],"predecessor-version":[{"id":1660,"href":"https:\/\/www.burmett-gr.com\/index.php\/wp-json\/wp\/v2\/pages\/197\/revisions\/1660"}],"wp:attachment":[{"href":"https:\/\/www.burmett-gr.com\/index.php\/wp-json\/wp\/v2\/media?parent=197"}],"curies":[{"name":"wp","href":"https:\/\/api.w.org\/{rel}","templated":true}]}}